{"id":537,"date":"2026-02-12T18:30:14","date_gmt":"2026-02-12T18:30:14","guid":{"rendered":"https:\/\/arvima.lt\/?post_type=product&#038;p=537"},"modified":"2026-02-12T18:31:13","modified_gmt":"2026-02-12T18:31:13","slug":"adbl-interjero-prieziuros-rinkinys","status":"publish","type":"product","link":"https:\/\/arvima.lt\/?product=adbl-interjero-prieziuros-rinkinys","title":{"rendered":"ADBL Interjero prie\u017ei\u016bros rinkinys"},"content":{"rendered":"<p>ADBL INTERIOR SAMPLE SET interjero prie\u017ei\u016bros rinkinys<\/p>\n<p>Rinkin\u012f sudaro 7 produktai, kurie pad\u0117s pasir\u016bpinti automobilio interjeru. ADBL HYBRID GLASS kartu su ADBL GOOFER TOWEL \u0161luoste leis lengvai i\u0161valyti priekin\u012f stikl\u0105, paliekant nematom\u0173 valytuv\u0173 hidrofobin\u012f efekt\u0105. ADBL INTERIOR QD UNLIMITED valikliu kartu su ADBL DODGER \u0161luoste ir ADBL TICKLER aplikatoriumi pad\u0117s jums lengvai i\u0161valyti vidaus plastikus. Visk\u0105 u\u017ebaigia malonus ADBL MIST kvapas, \u012fkv\u0117ptas\u00a0ADBL QD1, bei pakabukas kvepalams MAGIC SQUARE.<\/p>\n<p>Priemoni\u0173 talpa: 200 ml<\/p>\n","protected":false},"excerpt":{"rendered":"<p>ADBL INTERIOR SAMPLE SET interjero prie\u017ei\u016bros rinkinys Rinkin\u012f sudaro 7 produktai, kurie pad\u0117s pasir\u016bpinti automobilio interjeru. ADBL HYBRID GLASS kartu su ADBL GOOFER TOWEL \u0161luoste leis lengvai i\u0161valyti priekin\u012f stikl\u0105, paliekant nematom\u0173 valytuv\u0173 hidrofobin\u012f efekt\u0105. ADBL INTERIOR QD UNLIMITED valikliu kartu su ADBL DODGER \u0161luoste ir ADBL TICKLER aplikatoriumi pad\u0117s jums lengvai i\u0161valyti vidaus plastikus. [&hellip;]<\/p>\n","protected":false},"featured_media":538,"comment_status":"open","ping_status":"closed","template":"","meta":[],"product_brand":[30],"product_cat":[29,18],"product_tag":[],"class_list":{"0":"post-537","1":"product","2":"type-product","3":"status-publish","4":"has-post-thumbnail","6":"product_brand-adbl","7":"product_cat-detailingas","8":"product_cat-visos-prekes","10":"first","11":"instock","12":"sale","13":"taxable","14":"shipping-taxable","15":"purchasable","16":"product-type-simple"},"jetpack_sharing_enabled":true,"_links":{"self":[{"href":"https:\/\/arvima.lt\/index.php?rest_route=\/wp\/v2\/product\/537","targetHints":{"allow":["GET"]}}],"collection":[{"href":"https:\/\/arvima.lt\/index.php?rest_route=\/wp\/v2\/product"}],"about":[{"href":"https:\/\/arvima.lt\/index.php?rest_route=\/wp\/v2\/types\/product"}],"replies":[{"embeddable":true,"href":"https:\/\/arvima.lt\/index.php?rest_route=%2Fwp%2Fv2%2Fcomments&post=537"}],"wp:featuredmedia":[{"embeddable":true,"href":"https:\/\/arvima.lt\/index.php?rest_route=\/wp\/v2\/media\/538"}],"wp:attachment":[{"href":"https:\/\/arvima.lt\/index.php?rest_route=%2Fwp%2Fv2%2Fmedia&parent=537"}],"wp:term":[{"taxonomy":"product_brand","embeddable":true,"href":"https:\/\/arvima.lt\/index.php?rest_route=%2Fwp%2Fv2%2Fproduct_brand&post=537"},{"taxonomy":"product_cat","embeddable":true,"href":"https:\/\/arvima.lt\/index.php?rest_route=%2Fwp%2Fv2%2Fproduct_cat&post=537"},{"taxonomy":"product_tag","embeddable":true,"href":"https:\/\/arvima.lt\/index.php?rest_route=%2Fwp%2Fv2%2Fproduct_tag&post=537"}],"curies":[{"name":"wp","href":"https:\/\/api.w.org\/{rel}","templated":true}]}}