{"id":607,"date":"2026-02-12T21:20:46","date_gmt":"2026-02-12T21:20:46","guid":{"rendered":"https:\/\/arvima.lt\/?post_type=product&#038;p=607"},"modified":"2026-02-13T15:45:55","modified_gmt":"2026-02-13T15:45:55","slug":"alb-hidrauline-alyva-psf-1l","status":"publish","type":"product","link":"https:\/\/arvima.lt\/?product=alb-hidrauline-alyva-psf-1l","title":{"rendered":"ALB HIDRAULIN\u0116 ALYVA PSF 1L"},"content":{"rendered":"<p>Universalus, bespalvis vairo stiprintuvo skystis skirtas naudoti vis\u0173 tip\u0173 lengvojo ir sunkiojo transporto automobiliams.Galima naudoti su kit\u0173 ATF tip\u0173 alyvomis.<\/p>\n","protected":false},"excerpt":{"rendered":"<p>Universalus, bespalvis vairo stiprintuvo skystis skirtas naudoti vis\u0173 tip\u0173 lengvojo ir sunkiojo transporto automobiliams.Galima naudoti su kit\u0173 ATF tip\u0173 alyvomis.<\/p>\n","protected":false},"featured_media":703,"comment_status":"open","ping_status":"closed","template":"","meta":[],"product_brand":[53],"product_cat":[49,18],"product_tag":[],"class_list":{"0":"post-607","1":"product","2":"type-product","3":"status-publish","4":"has-post-thumbnail","6":"product_brand-alboil","7":"product_cat-alyva","8":"product_cat-visos-prekes","10":"first","11":"instock","12":"taxable","13":"shipping-taxable","14":"purchasable","15":"product-type-simple"},"jetpack_sharing_enabled":true,"_links":{"self":[{"href":"https:\/\/arvima.lt\/index.php?rest_route=\/wp\/v2\/product\/607","targetHints":{"allow":["GET"]}}],"collection":[{"href":"https:\/\/arvima.lt\/index.php?rest_route=\/wp\/v2\/product"}],"about":[{"href":"https:\/\/arvima.lt\/index.php?rest_route=\/wp\/v2\/types\/product"}],"replies":[{"embeddable":true,"href":"https:\/\/arvima.lt\/index.php?rest_route=%2Fwp%2Fv2%2Fcomments&post=607"}],"wp:featuredmedia":[{"embeddable":true,"href":"https:\/\/arvima.lt\/index.php?rest_route=\/wp\/v2\/media\/703"}],"wp:attachment":[{"href":"https:\/\/arvima.lt\/index.php?rest_route=%2Fwp%2Fv2%2Fmedia&parent=607"}],"wp:term":[{"taxonomy":"product_brand","embeddable":true,"href":"https:\/\/arvima.lt\/index.php?rest_route=%2Fwp%2Fv2%2Fproduct_brand&post=607"},{"taxonomy":"product_cat","embeddable":true,"href":"https:\/\/arvima.lt\/index.php?rest_route=%2Fwp%2Fv2%2Fproduct_cat&post=607"},{"taxonomy":"product_tag","embeddable":true,"href":"https:\/\/arvima.lt\/index.php?rest_route=%2Fwp%2Fv2%2Fproduct_tag&post=607"}],"curies":[{"name":"wp","href":"https:\/\/api.w.org\/{rel}","templated":true}]}}