{"id":740,"date":"2026-02-17T21:41:13","date_gmt":"2026-02-17T21:41:13","guid":{"rendered":"https:\/\/arvima.lt\/?post_type=product&#038;p=740"},"modified":"2026-02-17T21:43:31","modified_gmt":"2026-02-17T21:43:31","slug":"e46-galiniu-sakiu-ivores","status":"publish","type":"product","link":"https:\/\/arvima.lt\/?product=e46-galiniu-sakiu-ivores","title":{"rendered":"E46 galini\u0173 \u0161aki\u0173 \u012fvor\u0117s"},"content":{"rendered":"<p>M\u016bs\u0173 poliuretano \u012fvor\u0117s skirtos didelio na\u0161umo lenktyn\u0117ms ir drifto var\u017eyboms, taip pat va\u017eiavimui gatv\u0117mis. \u0160ios \u012fvor\u0117s, kuri\u0173 kietumas yra 90 Shores, u\u017etikrina didesn\u012f standum\u0105 ir geresn\u012f valdym\u0105, kad b\u016bt\u0173 lengviau \u012fveikti pos\u016bkius ir pagrei\u010diui. Jas lengva montuoti, tod\u0117l tai puikus pasirinkimas tiems, kurie nori atnaujinti savo pakab\u0105. \u0160ios \u012fvor\u0117s skirtos pagerinti j\u016bs\u0173 automobilio na\u0161um\u0105 ir valdym\u0105, tod\u0117l tai puikus pasirinkimas lenktynininkams ir drifto m\u0117g\u0117jams.<\/p>\n","protected":false},"excerpt":{"rendered":"<p>2x &#8211; Galini\u0173 i\u0161ilgini\u0173 svir\u010di\u0173 \u012fvor\u0117s<\/p>\n","protected":false},"featured_media":741,"comment_status":"open","ping_status":"closed","template":"","meta":[],"product_brand":[],"product_cat":[27,18],"product_tag":[],"class_list":{"0":"post-740","1":"product","2":"type-product","3":"status-publish","4":"has-post-thumbnail","6":"product_cat-nestandartines-detales","7":"product_cat-visos-prekes","9":"first","10":"outofstock","11":"taxable","12":"shipping-taxable","13":"purchasable","14":"product-type-simple"},"jetpack_sharing_enabled":true,"_links":{"self":[{"href":"https:\/\/arvima.lt\/index.php?rest_route=\/wp\/v2\/product\/740","targetHints":{"allow":["GET"]}}],"collection":[{"href":"https:\/\/arvima.lt\/index.php?rest_route=\/wp\/v2\/product"}],"about":[{"href":"https:\/\/arvima.lt\/index.php?rest_route=\/wp\/v2\/types\/product"}],"replies":[{"embeddable":true,"href":"https:\/\/arvima.lt\/index.php?rest_route=%2Fwp%2Fv2%2Fcomments&post=740"}],"wp:featuredmedia":[{"embeddable":true,"href":"https:\/\/arvima.lt\/index.php?rest_route=\/wp\/v2\/media\/741"}],"wp:attachment":[{"href":"https:\/\/arvima.lt\/index.php?rest_route=%2Fwp%2Fv2%2Fmedia&parent=740"}],"wp:term":[{"taxonomy":"product_brand","embeddable":true,"href":"https:\/\/arvima.lt\/index.php?rest_route=%2Fwp%2Fv2%2Fproduct_brand&post=740"},{"taxonomy":"product_cat","embeddable":true,"href":"https:\/\/arvima.lt\/index.php?rest_route=%2Fwp%2Fv2%2Fproduct_cat&post=740"},{"taxonomy":"product_tag","embeddable":true,"href":"https:\/\/arvima.lt\/index.php?rest_route=%2Fwp%2Fv2%2Fproduct_tag&post=740"}],"curies":[{"name":"wp","href":"https:\/\/api.w.org\/{rel}","templated":true}]}}